 64. Give k(-12).
-4
Let n(q) = 4*q**3 + 5*q**2 + 11*q - 5. What is n(-3)?
-101
Let l(q) = -225*q - 6665. Determine l(-30).
85
Let b(c) = 120*c - 483. What is b(4)?
-3
Let c(d) = -d**3 + 41*d**2 + 86*d - 47. Give c(43).
-47
Let x(n) = -n**2 - 5136*n + 30856. Determine x(6).
4
Let w(d) = -5*d**2 - 34*d - 209. What is w(-5)?
-164
Let d(x) = 912*x + 4546. What is d(-5)?
-14
Let q(s) = -s**2 - 145*s - 4727. Give q(-49).
-23
Let v(l) = l**3 - 36*l**2 - 67*l - 76. What is v(38)?
266
Let f(a) = -9*a**3 + 209*a**2 - 38*a - 166. Determine f(23).
18
Let i(h) = -2*h**3 + 25*h**2 + 11*h - 25. Give i(13).
-51
Let h(t) = -2*t**3 + 5*t**2 + 6*t + 13. What is h(4)?
-11
Let p(v) = 37*v - 88. Calculate p(8).
208
Let w(n) = 5*n**2 - 34*n - 28. Calculate w(7).
-21
Let h(q) = q**3 - 23*q**2 + 80*q - 23. Give h(4).
-7
Let s(c) = -c**3 + 27*c**2 - 26*c - 55. Determine s(26).
-55
Let a(w) = -w**3 + 3*w**2 + 32*w + 7. What is a(7)?
35
Let o(g) = g**2 + 1585*g - 11138. Determine o(7).
6
Let s(r) = -4*r**2 - 17*r + 29. Determine s(4).
-103
Let h(k) = 9*k**2 + 16*k - 45. Calculate h(-7).
284
Let q(i) = i**3 - 31*i**2 + 184*i - 2. Determine q(23).
-2
Let l(h) = -403*h - 32612. Calculate l(-81).
31
Let q(f) = -87*f + 348. What is q(4)?
0
Let t(x) = -x**3 + 7*x**2 + 20*x - 3. Give t(9).
15
Let k(t) = 99*t + 621. Determine k(-11).
-468
Let s(c) = c**2 - 3723*c + 55614. Give s(15).
-6
Let b(t) = -t**3 - 248*t**2 + 258*t + 2229. Give b(-249).
-12
Let t(z) = -z**3 - 26*z**2 + 6*z + 297. Determine t(-26).
141
Let f(t) = -t**3 - 32*t**2 - 18*t + 25. Determine f(-31).
-378
Let v(f) = 2*f**2 + 145*f + 481. What is v(-69)?
-2
Let d(b) = 80*b + 4. Calculate d(5).
404
Let r(c) = -7764*c + 54352. Calculate r(7).
4
Let x(g) = 2*g**3 + 2*g**2 - 38*g - 6. Determine x(-5).
-16
Let l(t) = 2*t**3 + 26*t**2 - 2*t + 1. Give l(-12).
313
Let z(d) = -d**3 + 3*d**2 + 5*d + 1. Give z(-1).
0
Let g(t) = t**3 - 19*t**2 + 3*t - 459. What is g(20)?
1
Let g(u) = -50*u**2 - 16*u - 88. What is g(-5)?
-1258
Let z(v) = -88*v**3 - 15*v**2 + 32*v - 29. Calculate z(1).
-100
Let x(c) = -c**3 + 14*c**2 + 636*c - 293. Calculate x(33).
4
Let x(d) = d**2 + 209*d + 1039. Calculate x(-5).
19
Let c(m) = m**3 + 36*m**2 + 256*m - 106. Determine c(-26).
-2
Let x(b) = b**3 + 32*b**2 + 68*b + 242. Calculate x(-30).
2
Let t(k) = k**3 + 6*k**2 - 77*k - 139. What is t(-13)?
-321
Let n(r) = 65*r - 349. Give n(12).
431
Let d(o) = -30*o**2 + 58*o - 115. What is d(2)?
-119
Let b(f) = -f**2 - f + 417. What is b(27)?
-339
Let d(x) = -x**3 - 5*x**2 + 2*x + 10. What is d(-3)?
-14
Let d(s) = -s**3 + 7*s**2 + 42*s - 188. Give d(5).
72
Let t(d) = -d**3 + 15*d**2 - 24*d - 49. Calculate t(10).
211
Let q(m) = 2*m**3 + m**2 - 39*m - 77. What is q(-3)?
-5
Let d(z) = -13*z**2 + 125*z - 35. Calculate d(10).
-85
Let d(j) = j**3 + 106*j**2 + 16*j + 1680. Determine d(-106).
-16
Let t(c) = -c**3 + 15*c**2 - 25*c - 22. Determine t(13).
-9
Let i(z) = z**2 + 46*z - 205. Calculate i(4).
-5
Let c(y) = 11*y + 27. What is c(14)?
181
Let y(g) = -2*g**3 + 46*g**2 + 97*g + 83. Determine y(25).
8
Let h(b) = -b**3 + 10*b**2 + 14*b + 111. What is h(12)?
-9
Let k(a) = -457*a - 187365. Determine k(-410).
5
Let k(d) = d**3 + 44*d**2 + 216*d - 456. Calculate k(-38).
0
Let v(z) = -4*z**2 - 35*z - 16. Give v(-7).
33
Let l(r) = r**2 - 520*r + 16069. What is l(33)?
-2
Let s(h) = 15*h**2 - 1964*h - 126. What is s(131)?
5
Let p(i) = -i**3 + 3*i**2 + 126*i - 33. Give p(-10).
7
Let s(v) = -v**3 - 38*v**2 - 34*v + 99. Give s(-37).
-12
Let j(g) = g**2 + 92*g + 2094. Give j(-42).
-6
Let p(v) = 2554*v - 22935. Calculate p(9).
51
Let s(f) = f**3 - 69*f**2 + 32*f - 2169. What is s(69)?
39
Let u(n) = 130*n + 1970. Determine u(-15).
20
Let u(d) = -6*d - 20. Give u(-8).
28
Let v(w) = w**3 + 100*w**2 - 228*w - 2447. Calculate v(-102).
1
Let g(s) = 4*s**3 - 4*s**2 - 2*s + 10. Give g(3).
76
Let r(l) = -6*l**2 + 6*l - 11. Determine r(4).
-83
Let v(b) = -b**3 - 9*b**2 - 6*b - 8. Calculate v(-9).
46
Let b(z) = 2*z**3 + 24*z**2 + 32*z + 112. Determine b(-11).
2
Let t(g) = -258*g + 4902. Calculate t(19).
0
Let x(g) = 3*g**3 - 19*g**2 + 20*g - 14. What is x(9)?
814
Let v(i) = -7*i**2 + 12*i + 23. Give v(-3).
-76
Let g(m) = -m**2 + 108*m + 9837. Determine g(-59).
-16
Let p(q) = 47*q + 1886. Calculate p(-40).
6
Let l(m) = 699*m - 2089. Determine l(3).
8
Let n(t) = -12*t**3 + 286*t**2 + 48*t. Give n(24).
0
Let r(h) = 602*h + 19866. What is r(-33)?
0
Let r(q) = -359*q**2 + 717*q - 3. Determine r(2).
-5
Let l(w) = 2*w**2 + 305*w + 3414. Calculate l(-12).
42
Let k(q) = -q**3 + 5*q**2 + 54*q + 24. Calculate k(-5).
4
Let s(v) = 3*v**3 + 44*v**2 - 57*v + 69. Calculate s(-16).
-43
Let w(h) = 4*h**2 - 45*h + 3. Determine w(11).
-8
Let f(o) = -2*o**2 + 41*o - 120. What is f(17)?
-1
Let o(c) = c**3 + 29*c**2 - 12*c - 268. What is o(-29)?
80
Let z(h) = -h**2 - 49*h + 101. Calculate z(2).
-1
Let o(z) = -8*z - 14. Calculate o(-26).
194
Let s(g) = -g**3 + 18*g**2 + 2*g - 56. What is s(17)?
267
Let k(l) = l**2 + 15*l - 184. Calculate k(7).
-30
Let w(z) = 27*z - 25. Give w(5).
110
Let v(o) = -107*o - 28. Determine v(2).
-242
Let x(s) = s**3 + 15*s**2 + 66*s + 68. Give x(-5).
-12
Let q(d) = -2*d**2 - 387*d + 17319. Give q(-231).
-6
Let z(y) = -y**3 + 52*y**2 - 671*y + 96. Give z(23).
4
Let f(s) = s**3 + s**2 - 3*s - 19. Give f(-6).
-181
Let r(j) = -4*j**3 + 949*j**2 - 1174*j - 1412. Calculate r(236).
4
Let m(z) = 8*z**2 - 409*z + 887. Give m(49).
54
Let v(m) = -406*m - 56437. Calculate v(-139).
-3
Let t(l) = 9*l**2 + 436*l + 196. Calculate t(-48).
4
Let n(p) = -6*p**3 - 110*p**2 - 222*p + 6. Give n(-16).
-26
Let p(q) = -q**3 + 12*q**2 + 18*q + 152. Give p(14).
12
Let j(a) = -5*a**2 - 39*a - 19. Give j(-4).
57
Let m(t) = 112*t - 2513. Give m(23).
63
Let k(a) = 831*a + 10800. Determine k(-13).
-3
Let z(p) = -237*p - 1891. Calculate z(-8).
5
Let o(p) = -4*p**2 - 476*p + 16. What is o(-119)?
16
Let c(w) = 42*w**2 - 46*w + 143. What is c(3)?
383
Let j(c) = c**3 + 29*c**2 - 65*c - 126. What is j(-31)?
-33
Let u(v) = -6*v**2 + 51*v - 46. Determine u(7).
17
Let h(s) = s**3 - s**2 - s - 4. Determine h(6).
170
Let i(c) = 2*c**2 - 194*c + 4214. Give i(64).
-10
Let g(c) = -58*c + 2570. Give g(44).
18
Let u(v) = -167*v**2 - 15*v - 35. Give u(-2).
-673
Let k(l) = 113*l**2 - 1932*l + 209. What is k(17)?
22
Let p(t) = -3470*t - 246364. Give p(-71).
6
Let r(x) = -8*x - 271. Determine r(-19).
-119
Let k(r) = 70*r - 438. Give k(5).
-88
Let o(g) = -g**2 - 29*g - 175. What is o(-9)?
5
Let i(v) = 3*v**2 - 173*v + 1109. Calculate i(7).
45
Let c(l) = -10*l**2 + l + 159. What is c(-4)?
-5
Let n(v) = v**2 - v - 84. Determine n(18).
222
Let q(w) = 5*w**3 - 144*w**2 + 367*w - 78. Give q(26).
0
Let m(x) = -382*x + 1268. Give m(4).
-260
Let m(y) = y**3 + 6*y**2 - 17*y + 271. Determine m(-10).
41
Let t(s) = -332*s - 1660. Calculate t(-5).
0
Let a(d) = -d**2 + 4*d + 38. Calculate a(7).
17
Let z(y) = 10*y + 5. Determine z(-2).
-15
Let b(z) = -z**2 + 1837*z + 16612. Determine b(-9).
-2
Let z(p) = 3*p**3 + 7*p**2 + 25*p + 66. Give z(-4).
-114
Let i(l) = -31*l + 163. Give i(6).
-23
Let c(j) = -16*j + 382. Calculate c(34).
-162
Let n(l) = -14*l - 492. Determine n(-36).
12
Let r(y) = y**3 + 13*y**2 - 47*y + 8. Determine r(4).
92
Let v(z) = z**2 + 88*z - 3269. Determine v(-119).
420
Let u(s) = -13*s - 37. What is u(3)?
-76
Let s(w) = -5*w - 281. Determine s(-66).
49
Let q(o) = o**3 + 35*o**2 - 108*o + 213. Calculate q(-38).
-15
Let n(c) = -52*c - 1604. Calculate n(-31).
8
Let r(x) = 305*x - 3054. Determine r(10).
-4
Let n(q) = q**2 - 27*q + 222. Determine n(11).
46
Let c(i) = -3168*i - 126725. What is c(-40)?
-5
Let c(q) = 174*q**2 + 1218*q + 2. Calculate c(-7).
2
Let i(d) = -d**2 + 384*d + 5161. Determine i(-13).
0
Let u(k) = -k**2 + 63*k + 170. What is u(65)?
40
Let x(w) = -444*w + 3585. Give x(8).
33
Let u(x) = -x**3 + x**2 - 17*x - 51. What is u(-5)?
184
Let h(j) = 2*j**2 - 14*j + 13. Calculate h(7).
13
Let y(n) = -33*n + 220. Give y(7).
-11
Let x(g) = -g**2 - 56*g - 576. Determine x(-42).
12
Let b(r) = 3*r - 228. What is b(55)?
-63
Let p(d) = -d**3 + 4*d**2 - 6*d + 17. Determine p(8).
-287
Let z(b) = 5*b**2 - 26*b - 128. Calculate z(8).
-16
Let h(t) = 44*t + 3124. Calculate h(-73).
-88
Let h(a) = 119*a + 8050. What is h(-68)?
-42
Let d(g)